{"id":100713,"date":"2024-11-13T17:38:29","date_gmt":"2024-11-13T16:38:29","guid":{"rendered":"https:\/\/harmoniayduende.com\/artista\/david-de-jacoba\/"},"modified":"2025-04-29T10:01:51","modified_gmt":"2025-04-29T08:01:51","slug":"david-de-jacoba","status":"publish","type":"project","link":"https:\/\/harmoniayduende.com\/fr\/artista\/david-de-jacoba\/","title":{"rendered":"David de Jacoba"},"content":{"rendered":"<p>N\u00e9 \u00e0 Motril, et fr\u00e8re du guitariste Carlos de Jacoba, David poss\u00e8de une voix unique qui ne ressemble \u00e0 aucune autre, un sens du rythme et de l\u2019accord parfait ainsi que d\u2019autres grandes qualit\u00e9s qui lui ont permis d\u2019\u00eatre, le chanteur du groupe du c\u00e9l\u00e8bre guitariste Paco de Luc\u00eda lors de ses tourn\u00e9es en 2010, 2011, 2012.<\/p>\n<p>Carlos arrive \u00e0 Madrid en 2008 et commence d\u2019embl\u00e9e \u00e0 travailler avec quelques-uns des plus grands : Ni\u00f1o JOSELE, El G\u00fcito, Joaqu\u00edn CORTES\u2026 Le Maestro Enrique MORENTE l\u2019appelle \u00e9galement pour son spectacle FEDRA, dirig\u00e9 par Miguel NARROS.<\/p>\n<p>Il a fait aussi partie du sextuor de Tomatito en 2009, aux c\u00f4t\u00e9s de Lucky LOSADA et Jos\u00e9 MAYA.<\/p>\n<p>A partir de 2010, en plus de travailler sur d\u2019autres projets tels que La Misa Flamenca de Tito LOSADA et de se produire en solo, il est devenu membre du groupe de Paco de LUCIA, accompagnant le ma\u00eetre durant 4 ans dans ses derni\u00e8res tourn\u00e9es partout dans le monde sur les sc\u00e8nes les plus prestigieuses. Il a pr\u00eat\u00e9 sa voix au dernier disque de ce g\u00e9nie de la guitare qui fut prim\u00e9 d\u2019un \u00ab Grammy latino \u00bb (Paco de LUCIA en Vivo &#8211; CONCIERTOS ESPA\u00d1A 2010)<\/p>\n<p>David a enregistr\u00e9 en 2014 son premier album discographique, intitul\u00e9 JUBILEO, produit par son fr\u00e8re Carlos de JACOBA et Lucky LOSADA et auquel ont collabor\u00e9 un certain nombre d\u2019artistes majeurs comme Vicente AMIGO , Raimundo AMADOR , Pepe HABICHUELA entre autres\u2026 Ce disque a \u00e9t\u00e9 prim\u00e9 comme meilleur r\u00e9v\u00e9lation du chant flamenco.<\/p>\n<p>Bien qu\u2019il se sente tout particuli\u00e8rement \u00e0 l\u2019aise dans le plus authentique des chants flamencos purs, il n\u2019a pas h\u00e9sit\u00e9 \u00e0 collaborer avec les grandes figures du jazz latino telles que Giovanni HIDALGO, Jerry GONZALEZ, Alain PEREZ ou Caramelo.<\/p>\n","protected":false},"excerpt":{"rendered":"<p>N\u00e9 \u00e0 Motril, et fr\u00e8re du guitariste Carlos de Jacoba, David poss\u00e8de une voix unique qui ne ressemble \u00e0 aucune autre, un sens du rythme et de l\u2019accord parfait ainsi que d\u2019autres grandes qualit\u00e9s qui lui ont permis d\u2019\u00eatre, le chanteur du groupe du c\u00e9l\u00e8bre guitariste Paco de Luc\u00eda lors de ses tourn\u00e9es en 2010, [&hellip;]<\/p>\n","protected":false},"author":1,"featured_media":100637,"comment_status":"closed","ping_status":"closed","template":"","meta":{"_acf_changed":false,"_et_pb_use_builder":"","_et_pb_old_content":"","_et_gb_content_width":"","footnotes":""},"project_category":[69],"project_tag":[63],"class_list":["post-100713","project","type-project","status-publish","has-post-thumbnail","hentry","project_category-cantaor-fr","project_tag-sin-conciertos-fr"],"acf":[],"yoast_head":"<!-- This site is optimized with the Yoast SEO Premium plugin v24.9 (Yoast SEO v24.9) - https:\/\/yoast.com\/wordpress\/plugins\/seo\/ -->\n<title>David de Jacoba | Harmon\u00eda y Duende<\/title>\n<meta name=\"robots\" content=\"index, follow, max-snippet:-1, max-image-preview:large, max-video-preview:-1\" \/>\n<link rel=\"canonical\" href=\"https:\/\/harmoniayduende.com\/fr\/artista\/david-de-jacoba\/\" \/>\n<meta property=\"og:locale\" content=\"fr_FR\" \/>\n<meta property=\"og:type\" content=\"article\" \/>\n<meta property=\"og:title\" content=\"David de Jacoba\" \/>\n<meta property=\"og:description\" content=\"N\u00e9 \u00e0 Motril, et fr\u00e8re du guitariste Carlos de Jacoba, David poss\u00e8de une voix unique qui ne ressemble \u00e0 aucune autre, un sens du rythme et de l\u2019accord parfait ainsi que d\u2019autres grandes qualit\u00e9s qui lui ont permis d\u2019\u00eatre, le chanteur du groupe du c\u00e9l\u00e8bre guitariste Paco de Luc\u00eda lors de ses tourn\u00e9es en 2010, [&hellip;]\" \/>\n<meta property=\"og:site_name\" content=\"Harmon\u00eda y Duende\" \/>\n<meta property=\"article:modified_time\" content=\"2025-04-29T08:01:51+00:00\" \/>\n<meta property=\"og:image\" content=\"https:\/\/harmoniayduende.com\/wp-content\/uploads\/2024\/11\/David-de-Jacoba.jpg\" \/>\n\t<meta property=\"og:image:width\" content=\"1000\" \/>\n\t<meta property=\"og:image:height\" content=\"1000\" \/>\n\t<meta property=\"og:image:type\" content=\"image\/jpeg\" \/>\n<meta name=\"twitter:card\" content=\"summary_large_image\" \/>\n<meta name=\"twitter:label1\" content=\"Dur\u00e9e de lecture estim\u00e9e\" \/>\n\t<meta name=\"twitter:data1\" content=\"2 minutes\" \/>\n<script type=\"application\/ld+json\" class=\"yoast-schema-graph\">{\"@context\":\"https:\/\/schema.org\",\"@graph\":[{\"@type\":\"WebPage\",\"@id\":\"https:\/\/harmoniayduende.com\/fr\/artista\/david-de-jacoba\/\",\"url\":\"https:\/\/harmoniayduende.com\/fr\/artista\/david-de-jacoba\/\",\"name\":\"David de Jacoba | Harmon\u00eda y Duende\",\"isPartOf\":{\"@id\":\"https:\/\/harmoniayduende.com\/fr\/#website\"},\"primaryImageOfPage\":{\"@id\":\"https:\/\/harmoniayduende.com\/fr\/artista\/david-de-jacoba\/#primaryimage\"},\"image\":{\"@id\":\"https:\/\/harmoniayduende.com\/fr\/artista\/david-de-jacoba\/#primaryimage\"},\"thumbnailUrl\":\"https:\/\/harmoniayduende.com\/wp-content\/uploads\/2024\/11\/David-de-Jacoba.jpg\",\"datePublished\":\"2024-11-13T16:38:29+00:00\",\"dateModified\":\"2025-04-29T08:01:51+00:00\",\"breadcrumb\":{\"@id\":\"https:\/\/harmoniayduende.com\/fr\/artista\/david-de-jacoba\/#breadcrumb\"},\"inLanguage\":\"fr-FR\",\"potentialAction\":[{\"@type\":\"ReadAction\",\"target\":[\"https:\/\/harmoniayduende.com\/fr\/artista\/david-de-jacoba\/\"]}]},{\"@type\":\"ImageObject\",\"inLanguage\":\"fr-FR\",\"@id\":\"https:\/\/harmoniayduende.com\/fr\/artista\/david-de-jacoba\/#primaryimage\",\"url\":\"https:\/\/harmoniayduende.com\/wp-content\/uploads\/2024\/11\/David-de-Jacoba.jpg\",\"contentUrl\":\"https:\/\/harmoniayduende.com\/wp-content\/uploads\/2024\/11\/David-de-Jacoba.jpg\",\"width\":1000,\"height\":1000},{\"@type\":\"BreadcrumbList\",\"@id\":\"https:\/\/harmoniayduende.com\/fr\/artista\/david-de-jacoba\/#breadcrumb\",\"itemListElement\":[{\"@type\":\"ListItem\",\"position\":1,\"name\":\"Home\",\"item\":\"https:\/\/harmoniayduende.com\/fr\/\"},{\"@type\":\"ListItem\",\"position\":2,\"name\":\"Artistas\",\"item\":\"https:\/\/harmoniayduende.com\/fr\/artista\/\"},{\"@type\":\"ListItem\",\"position\":3,\"name\":\"David de Jacoba\"}]},{\"@type\":\"WebSite\",\"@id\":\"https:\/\/harmoniayduende.com\/fr\/#website\",\"url\":\"https:\/\/harmoniayduende.com\/fr\/\",\"name\":\"Harmon\u00eda & Duende\",\"description\":\"Fundaci\u00f3n para promover el arte y la m\u00fasica\",\"potentialAction\":[{\"@type\":\"SearchAction\",\"target\":{\"@type\":\"EntryPoint\",\"urlTemplate\":\"https:\/\/harmoniayduende.com\/fr\/?s={search_term_string}\"},\"query-input\":{\"@type\":\"PropertyValueSpecification\",\"valueRequired\":true,\"valueName\":\"search_term_string\"}}],\"inLanguage\":\"fr-FR\"}]}<\/script>\n<!-- \/ Yoast SEO Premium plugin. -->","yoast_head_json":{"title":"David de Jacoba | Harmon\u00eda y Duende","robots":{"index":"index","follow":"follow","max-snippet":"max-snippet:-1","max-image-preview":"max-image-preview:large","max-video-preview":"max-video-preview:-1"},"canonical":"https:\/\/harmoniayduende.com\/fr\/artista\/david-de-jacoba\/","og_locale":"fr_FR","og_type":"article","og_title":"David de Jacoba","og_description":"N\u00e9 \u00e0 Motril, et fr\u00e8re du guitariste Carlos de Jacoba, David poss\u00e8de une voix unique qui ne ressemble \u00e0 aucune autre, un sens du rythme et de l\u2019accord parfait ainsi que d\u2019autres grandes qualit\u00e9s qui lui ont permis d\u2019\u00eatre, le chanteur du groupe du c\u00e9l\u00e8bre guitariste Paco de Luc\u00eda lors de ses tourn\u00e9es en 2010, [&hellip;]","og_site_name":"Harmon\u00eda y Duende","article_modified_time":"2025-04-29T08:01:51+00:00","og_image":[{"width":1000,"height":1000,"url":"https:\/\/harmoniayduende.com\/wp-content\/uploads\/2024\/11\/David-de-Jacoba.jpg","type":"image\/jpeg"}],"twitter_card":"summary_large_image","twitter_misc":{"Dur\u00e9e de lecture estim\u00e9e":"2 minutes"},"schema":{"@context":"https:\/\/schema.org","@graph":[{"@type":"WebPage","@id":"https:\/\/harmoniayduende.com\/fr\/artista\/david-de-jacoba\/","url":"https:\/\/harmoniayduende.com\/fr\/artista\/david-de-jacoba\/","name":"David de Jacoba | Harmon\u00eda y Duende","isPartOf":{"@id":"https:\/\/harmoniayduende.com\/fr\/#website"},"primaryImageOfPage":{"@id":"https:\/\/harmoniayduende.com\/fr\/artista\/david-de-jacoba\/#primaryimage"},"image":{"@id":"https:\/\/harmoniayduende.com\/fr\/artista\/david-de-jacoba\/#primaryimage"},"thumbnailUrl":"https:\/\/harmoniayduende.com\/wp-content\/uploads\/2024\/11\/David-de-Jacoba.jpg","datePublished":"2024-11-13T16:38:29+00:00","dateModified":"2025-04-29T08:01:51+00:00","breadcrumb":{"@id":"https:\/\/harmoniayduende.com\/fr\/artista\/david-de-jacoba\/#breadcrumb"},"inLanguage":"fr-FR","potentialAction":[{"@type":"ReadAction","target":["https:\/\/harmoniayduende.com\/fr\/artista\/david-de-jacoba\/"]}]},{"@type":"ImageObject","inLanguage":"fr-FR","@id":"https:\/\/harmoniayduende.com\/fr\/artista\/david-de-jacoba\/#primaryimage","url":"https:\/\/harmoniayduende.com\/wp-content\/uploads\/2024\/11\/David-de-Jacoba.jpg","contentUrl":"https:\/\/harmoniayduende.com\/wp-content\/uploads\/2024\/11\/David-de-Jacoba.jpg","width":1000,"height":1000},{"@type":"BreadcrumbList","@id":"https:\/\/harmoniayduende.com\/fr\/artista\/david-de-jacoba\/#breadcrumb","itemListElement":[{"@type":"ListItem","position":1,"name":"Home","item":"https:\/\/harmoniayduende.com\/fr\/"},{"@type":"ListItem","position":2,"name":"Artistas","item":"https:\/\/harmoniayduende.com\/fr\/artista\/"},{"@type":"ListItem","position":3,"name":"David de Jacoba"}]},{"@type":"WebSite","@id":"https:\/\/harmoniayduende.com\/fr\/#website","url":"https:\/\/harmoniayduende.com\/fr\/","name":"Harmon\u00eda & Duende","description":"Fundaci\u00f3n para promover el arte y la m\u00fasica","potentialAction":[{"@type":"SearchAction","target":{"@type":"EntryPoint","urlTemplate":"https:\/\/harmoniayduende.com\/fr\/?s={search_term_string}"},"query-input":{"@type":"PropertyValueSpecification","valueRequired":true,"valueName":"search_term_string"}}],"inLanguage":"fr-FR"}]}},"_links":{"self":[{"href":"https:\/\/harmoniayduende.com\/fr\/wp-json\/wp\/v2\/project\/100713","targetHints":{"allow":["GET"]}}],"collection":[{"href":"https:\/\/harmoniayduende.com\/fr\/wp-json\/wp\/v2\/project"}],"about":[{"href":"https:\/\/harmoniayduende.com\/fr\/wp-json\/wp\/v2\/types\/project"}],"author":[{"embeddable":true,"href":"https:\/\/harmoniayduende.com\/fr\/wp-json\/wp\/v2\/users\/1"}],"replies":[{"embeddable":true,"href":"https:\/\/harmoniayduende.com\/fr\/wp-json\/wp\/v2\/comments?post=100713"}],"version-history":[{"count":1,"href":"https:\/\/harmoniayduende.com\/fr\/wp-json\/wp\/v2\/project\/100713\/revisions"}],"predecessor-version":[{"id":100764,"href":"https:\/\/harmoniayduende.com\/fr\/wp-json\/wp\/v2\/project\/100713\/revisions\/100764"}],"wp:featuredmedia":[{"embeddable":true,"href":"https:\/\/harmoniayduende.com\/fr\/wp-json\/wp\/v2\/media\/100637"}],"wp:attachment":[{"href":"https:\/\/harmoniayduende.com\/fr\/wp-json\/wp\/v2\/media?parent=100713"}],"wp:term":[{"taxonomy":"project_category","embeddable":true,"href":"https:\/\/harmoniayduende.com\/fr\/wp-json\/wp\/v2\/project_category?post=100713"},{"taxonomy":"project_tag","embeddable":true,"href":"https:\/\/harmoniayduende.com\/fr\/wp-json\/wp\/v2\/project_tag?post=100713"}],"curies":[{"name":"wp","href":"https:\/\/api.w.org\/{rel}","templated":true}]}}

<p>Né à Motril, et frère du guitariste Carlos de Jacoba, David possède une voix unique qui ne ressemble à aucune autre, un sens du rythme et de l’accord parfait ainsi que d’autres grandes qualités qui lui ont permis d’être, le chanteur du groupe du célèbre guitariste Paco de Lucía lors de ses tournées en 2010, 2011, 2012.</p>
<p>Carlos arrive à Madrid en 2008 et commence d’emblée à travailler avec quelques-uns des plus grands : Niño JOSELE, El Güito, Joaquín CORTES… Le Maestro Enrique MORENTE l’appelle également pour son spectacle FEDRA, dirigé par Miguel NARROS.</p>
<p>Il a fait aussi partie du sextuor de Tomatito en 2009, aux côtés de Lucky LOSADA et José MAYA.</p>
<p>A partir de 2010, en plus de travailler sur d’autres projets tels que La Misa Flamenca de Tito LOSADA et de se produire en solo, il est devenu membre du groupe de Paco de LUCIA, accompagnant le maître durant 4 ans dans ses dernières tournées partout dans le monde sur les scènes les plus prestigieuses. Il a prêté sa voix au dernier disque de ce génie de la guitare qui fut primé d’un « Grammy latino » (Paco de LUCIA en Vivo &#8211; CONCIERTOS ESPAÑA 2010)</p>
<p>David a enregistré en 2014 son premier album discographique, intitulé JUBILEO, produit par son frère Carlos de JACOBA et Lucky LOSADA et auquel ont collaboré un certain nombre d’artistes majeurs comme Vicente AMIGO , Raimundo AMADOR , Pepe HABICHUELA entre autres… Ce disque a été primé comme meilleur révélation du chant flamenco.</p>
<p>Bien qu’il se sente tout particulièrement à l’aise dans le plus authentique des chants flamencos purs, il n’a pas hésité à collaborer avec les grandes figures du jazz latino telles que Giovanni HIDALGO, Jerry GONZALEZ, Alain PEREZ ou Caramelo.</p>

<p>Né à Motril, et frère du guitariste Carlos de Jacoba, David possède une voix unique qui ne ressemble à aucune autre, un sens du rythme et de l’accord parfait ainsi que d’autres grandes qualités qui lui ont permis d’être, le chanteur du groupe du célèbre guitariste Paco de Lucía lors de ses tournées en 2010, [&hellip;]</p>

<!-- This site is optimized with the Yoast SEO Premium plugin v24.9 (Yoast SEO v24.9) - https://yoast.com/wordpress/plugins/seo/ -->
<title>David de Jacoba | Harmonía y Duende</title>
<meta name="robots" content="index, follow, max-snippet:-1, max-image-preview:large, max-video-preview:-1" />
<link rel="canonical" href="https://harmoniayduende.com/fr/artista/david-de-jacoba/" />
<meta property="og:locale" content="fr_FR" />
<meta property="og:type" content="article" />
<meta property="og:title" content="David de Jacoba" />
<meta property="og:description" content="Né à Motril, et frère du guitariste Carlos de Jacoba, David possède une voix unique qui ne ressemble à aucune autre, un sens du rythme et de l’accord parfait ainsi que d’autres grandes qualités qui lui ont permis d’être, le chanteur du groupe du célèbre guitariste Paco de Lucía lors de ses tournées en 2010, [&hellip;]" />
<meta property="og:site_name" content="Harmonía y Duende" />
<meta property="article:modified_time" content="2025-04-29T08:01:51+00:00" />
<meta property="og:image" content="https://harmoniayduende.com/wp-content/uploads/2024/11/David-de-Jacoba.jpg" />
	<meta property="og:image:width" content="1000" />
	<meta property="og:image:height" content="1000" />
	<meta property="og:image:type" content="image/jpeg" />
<meta name="twitter:card" content="summary_large_image" />
<meta name="twitter:label1" content="Durée de lecture estimée" />
	<meta name="twitter:data1" content="2 minutes" />
<script type="application/ld+json" class="yoast-schema-graph">{"@context":"https://schema.org","@graph":[{"@type":"WebPage","@id":"https://harmoniayduende.com/fr/artista/david-de-jacoba/","url":"https://harmoniayduende.com/fr/artista/david-de-jacoba/","name":"David de Jacoba | Harmonía y Duende","isPartOf":{"@id":"https://harmoniayduende.com/fr/#website"},"primaryImageOfPage":{"@id":"https://harmoniayduende.com/fr/artista/david-de-jacoba/#primaryimage"},"image":{"@id":"https://harmoniayduende.com/fr/artista/david-de-jacoba/#primaryimage"},"thumbnailUrl":"https://harmoniayduende.com/wp-content/uploads/2024/11/David-de-Jacoba.jpg","datePublished":"2024-11-13T16:38:29+00:00","dateModified":"2025-04-29T08:01:51+00:00","breadcrumb":{"@id":"https://harmoniayduende.com/fr/artista/david-de-jacoba/#breadcrumb"},"inLanguage":"fr-FR","potentialAction":[{"@type":"ReadAction","target":["https://harmoniayduende.com/fr/artista/david-de-jacoba/"]}]},{"@type":"ImageObject","inLanguage":"fr-FR","@id":"https://harmoniayduende.com/fr/artista/david-de-jacoba/#primaryimage","url":"https://harmoniayduende.com/wp-content/uploads/2024/11/David-de-Jacoba.jpg","contentUrl":"https://harmoniayduende.com/wp-content/uploads/2024/11/David-de-Jacoba.jpg","width":1000,"height":1000},{"@type":"BreadcrumbList","@id":"https://harmoniayduende.com/fr/artista/david-de-jacoba/#breadcrumb","itemListElement":[{"@type":"ListItem","position":1,"name":"Home","item":"https://harmoniayduende.com/fr/"},{"@type":"ListItem","position":2,"name":"Artistas","item":"https://harmoniayduende.com/fr/artista/"},{"@type":"ListItem","position":3,"name":"David de Jacoba"}]},{"@type":"WebSite","@id":"https://harmoniayduende.com/fr/#website","url":"https://harmoniayduende.com/fr/","name":"Harmonía & Duende","description":"Fundación para promover el arte y la música","potentialAction":[{"@type":"SearchAction","target":{"@type":"EntryPoint","urlTemplate":"https://harmoniayduende.com/fr/?s={search_term_string}"},"query-input":{"@type":"PropertyValueSpecification","valueRequired":true,"valueName":"search_term_string"}}],"inLanguage":"fr-FR"}]}</script>
<!-- / Yoast SEO Premium plugin. -->

David de Jacoba | Harmonía y Duende

Né à Motril, et frère du guitariste Carlos de Jacoba, David possède une voix unique qui ne ressemble à aucune autre, un sens du rythme et de l’accord parfait ainsi que d’autres grandes qualités qui lui ont permis d’être, le chanteur du groupe du célèbre guitariste Paco de Lucía lors de ses tournées en 2010, [&hellip;]

Harmonía y Duende

Harmonía & Duende

Fundación para promover el arte y la música
