{"id":100711,"date":"2024-11-13T17:32:01","date_gmt":"2024-11-13T16:32:01","guid":{"rendered":"https:\/\/harmoniayduende.com\/artista\/florimond-dal-zotto\/"},"modified":"2024-11-13T17:32:01","modified_gmt":"2024-11-13T16:32:01","slug":"florimond-dal-zotto","status":"publish","type":"project","link":"https:\/\/harmoniayduende.com\/fr\/artista\/florimond-dal-zotto\/","title":{"rendered":"Florimond Dal Zotto"},"content":{"rendered":"<p>Issu d\u2019une formation de pianiste, Florimond DAL ZOTTO s\u2019est perfectionn\u00e9 en tant que violoncelliste dans les conservatoires parisiens, puis au Conservatoire National Sup\u00e9rieur de Lyon.<\/p>\n<p>Apr\u00e8s l\u2019obtention de son prix en 2006, il a \u00e9t\u00e9 d\u2019abord invit\u00e9 dans de nombreux orchestres fran\u00e7ais, puis a successivement occup\u00e9 les postes de second soliste \u00e0 l\u2019orchestre de l\u2019op\u00e9ra de Lyon, puis \u00e0 l\u2019Orchestre National des Pays de la Loire, qu\u2019il a quitt\u00e9 en janvier 2015, pour s&rsquo;ouvrir \u00e0 des horizons plus vastes.<\/p>\n<p>Ainsi, il est invit\u00e9 sur la sc\u00e8ne de musiciens et groupes de talent tels que Fanch, Debout sur le Zinc, Les Ogres de Barback, se diversifie dans des styles de musiques plus vari\u00e9es , notamment un ensemble de jazz au sein du Vincent Touchard Quintet.<\/p>\n<p>Il continue avec la m\u00eame intensit\u00e9 son activit\u00e9 de musicien classique, invit\u00e9 comme premier soliste dans des formations comme l\u2019Orchestre national de Bordeaux, l&rsquo;Orchestre Lamoureux, l&rsquo;orchestre de Mulhouse, et bien d\u2019autres.<\/p>\n<p>Lors de r\u00e9citals en violoncelle seul, il interpr\u00eate des \u0153uvres de virtuosit\u00e9 telles que la Sonate de Zoltan Kodaly, ou encore la Suite de Gaspar Cassado. En d\u00e9cembre 2019, il interpr\u00e8te le concerto de Dvorjak avec l&rsquo;Orchestre de la Bastille. Il cr\u00e9e en septembre 2018 le Duo Pandora avec la violoniste Emilie Ballet. Il rencontre le pianiste J\u00e9r\u00f4me Rigaudias en 2022, avec qui cr\u00e9e un programme sonate.<\/p>\n<p>Il est \u00e9galement l&rsquo;un des co-fondateurs du festival Violoncelle en Voile, id\u00e9e originale consistant en des concerts itin\u00e9rants \u00e0 la voile, depuis l&rsquo;\u00e9t\u00e9 2018.<\/p>\n","protected":false},"excerpt":{"rendered":"<p>Issu d\u2019une formation de pianiste, Florimond DAL ZOTTO s\u2019est perfectionn\u00e9 en tant que violoncelliste dans les conservatoires parisiens, puis au Conservatoire National Sup\u00e9rieur de Lyon. Apr\u00e8s l\u2019obtention de son prix en 2006, il a \u00e9t\u00e9 d\u2019abord invit\u00e9 dans de nombreux orchestres fran\u00e7ais, puis a successivement occup\u00e9 les postes de second soliste \u00e0 l\u2019orchestre de l\u2019op\u00e9ra [&hellip;]<\/p>\n","protected":false},"author":1,"featured_media":100631,"comment_status":"closed","ping_status":"closed","template":"","meta":{"_acf_changed":false,"_et_pb_use_builder":"","_et_pb_old_content":"","_et_gb_content_width":"","footnotes":""},"project_category":[68],"project_tag":[63],"class_list":["post-100711","project","type-project","status-publish","has-post-thumbnail","hentry","project_category-violoncelliste","project_tag-sin-conciertos-fr"],"acf":[],"yoast_head":"<!-- This site is optimized with the Yoast SEO Premium plugin v24.9 (Yoast SEO v24.9) - https:\/\/yoast.com\/wordpress\/plugins\/seo\/ -->\n<title>Florimond Dal Zotto | Harmon\u00eda y Duende<\/title>\n<meta name=\"robots\" content=\"index, follow, max-snippet:-1, max-image-preview:large, max-video-preview:-1\" \/>\n<link rel=\"canonical\" href=\"https:\/\/harmoniayduende.com\/fr\/artista\/florimond-dal-zotto\/\" \/>\n<meta property=\"og:locale\" content=\"fr_FR\" \/>\n<meta property=\"og:type\" content=\"article\" \/>\n<meta property=\"og:title\" content=\"Florimond Dal Zotto\" \/>\n<meta property=\"og:description\" content=\"Issu d\u2019une formation de pianiste, Florimond DAL ZOTTO s\u2019est perfectionn\u00e9 en tant que violoncelliste dans les conservatoires parisiens, puis au Conservatoire National Sup\u00e9rieur de Lyon. Apr\u00e8s l\u2019obtention de son prix en 2006, il a \u00e9t\u00e9 d\u2019abord invit\u00e9 dans de nombreux orchestres fran\u00e7ais, puis a successivement occup\u00e9 les postes de second soliste \u00e0 l\u2019orchestre de l\u2019op\u00e9ra [&hellip;]\" \/>\n<meta property=\"og:site_name\" content=\"Harmon\u00eda y Duende\" \/>\n<meta name=\"twitter:card\" content=\"summary_large_image\" \/>\n<meta name=\"twitter:label1\" content=\"Dur\u00e9e de lecture estim\u00e9e\" \/>\n\t<meta name=\"twitter:data1\" content=\"1 minute\" \/>\n<script type=\"application\/ld+json\" class=\"yoast-schema-graph\">{\"@context\":\"https:\/\/schema.org\",\"@graph\":[{\"@type\":\"WebPage\",\"@id\":\"https:\/\/harmoniayduende.com\/fr\/artista\/florimond-dal-zotto\/\",\"url\":\"https:\/\/harmoniayduende.com\/fr\/artista\/florimond-dal-zotto\/\",\"name\":\"Florimond Dal Zotto | Harmon\u00eda y Duende\",\"isPartOf\":{\"@id\":\"https:\/\/harmoniayduende.com\/fr\/#website\"},\"primaryImageOfPage\":{\"@id\":\"https:\/\/harmoniayduende.com\/fr\/artista\/florimond-dal-zotto\/#primaryimage\"},\"image\":{\"@id\":\"https:\/\/harmoniayduende.com\/fr\/artista\/florimond-dal-zotto\/#primaryimage\"},\"thumbnailUrl\":\"https:\/\/harmoniayduende.com\/wp-content\/uploads\/2024\/11\/Florimond-dal-zotto.jpg\",\"datePublished\":\"2024-11-13T16:32:01+00:00\",\"breadcrumb\":{\"@id\":\"https:\/\/harmoniayduende.com\/fr\/artista\/florimond-dal-zotto\/#breadcrumb\"},\"inLanguage\":\"fr-FR\",\"potentialAction\":[{\"@type\":\"ReadAction\",\"target\":[\"https:\/\/harmoniayduende.com\/fr\/artista\/florimond-dal-zotto\/\"]}]},{\"@type\":\"ImageObject\",\"inLanguage\":\"fr-FR\",\"@id\":\"https:\/\/harmoniayduende.com\/fr\/artista\/florimond-dal-zotto\/#primaryimage\",\"url\":\"https:\/\/harmoniayduende.com\/wp-content\/uploads\/2024\/11\/Florimond-dal-zotto.jpg\",\"contentUrl\":\"https:\/\/harmoniayduende.com\/wp-content\/uploads\/2024\/11\/Florimond-dal-zotto.jpg\",\"width\":1000,\"height\":700},{\"@type\":\"BreadcrumbList\",\"@id\":\"https:\/\/harmoniayduende.com\/fr\/artista\/florimond-dal-zotto\/#breadcrumb\",\"itemListElement\":[{\"@type\":\"ListItem\",\"position\":1,\"name\":\"Home\",\"item\":\"https:\/\/harmoniayduende.com\/fr\/\"},{\"@type\":\"ListItem\",\"position\":2,\"name\":\"Artistas\",\"item\":\"https:\/\/harmoniayduende.com\/fr\/artista\/\"},{\"@type\":\"ListItem\",\"position\":3,\"name\":\"Florimond Dal Zotto\"}]},{\"@type\":\"WebSite\",\"@id\":\"https:\/\/harmoniayduende.com\/fr\/#website\",\"url\":\"https:\/\/harmoniayduende.com\/fr\/\",\"name\":\"Harmon\u00eda & Duende\",\"description\":\"Fundaci\u00f3n para promover el arte y la m\u00fasica\",\"potentialAction\":[{\"@type\":\"SearchAction\",\"target\":{\"@type\":\"EntryPoint\",\"urlTemplate\":\"https:\/\/harmoniayduende.com\/fr\/?s={search_term_string}\"},\"query-input\":{\"@type\":\"PropertyValueSpecification\",\"valueRequired\":true,\"valueName\":\"search_term_string\"}}],\"inLanguage\":\"fr-FR\"}]}<\/script>\n<!-- \/ Yoast SEO Premium plugin. -->","yoast_head_json":{"title":"Florimond Dal Zotto | Harmon\u00eda y Duende","robots":{"index":"index","follow":"follow","max-snippet":"max-snippet:-1","max-image-preview":"max-image-preview:large","max-video-preview":"max-video-preview:-1"},"canonical":"https:\/\/harmoniayduende.com\/fr\/artista\/florimond-dal-zotto\/","og_locale":"fr_FR","og_type":"article","og_title":"Florimond Dal Zotto","og_description":"Issu d\u2019une formation de pianiste, Florimond DAL ZOTTO s\u2019est perfectionn\u00e9 en tant que violoncelliste dans les conservatoires parisiens, puis au Conservatoire National Sup\u00e9rieur de Lyon. Apr\u00e8s l\u2019obtention de son prix en 2006, il a \u00e9t\u00e9 d\u2019abord invit\u00e9 dans de nombreux orchestres fran\u00e7ais, puis a successivement occup\u00e9 les postes de second soliste \u00e0 l\u2019orchestre de l\u2019op\u00e9ra [&hellip;]","og_site_name":"Harmon\u00eda y Duende","twitter_card":"summary_large_image","twitter_misc":{"Dur\u00e9e de lecture estim\u00e9e":"1 minute"},"schema":{"@context":"https:\/\/schema.org","@graph":[{"@type":"WebPage","@id":"https:\/\/harmoniayduende.com\/fr\/artista\/florimond-dal-zotto\/","url":"https:\/\/harmoniayduende.com\/fr\/artista\/florimond-dal-zotto\/","name":"Florimond Dal Zotto | Harmon\u00eda y Duende","isPartOf":{"@id":"https:\/\/harmoniayduende.com\/fr\/#website"},"primaryImageOfPage":{"@id":"https:\/\/harmoniayduende.com\/fr\/artista\/florimond-dal-zotto\/#primaryimage"},"image":{"@id":"https:\/\/harmoniayduende.com\/fr\/artista\/florimond-dal-zotto\/#primaryimage"},"thumbnailUrl":"https:\/\/harmoniayduende.com\/wp-content\/uploads\/2024\/11\/Florimond-dal-zotto.jpg","datePublished":"2024-11-13T16:32:01+00:00","breadcrumb":{"@id":"https:\/\/harmoniayduende.com\/fr\/artista\/florimond-dal-zotto\/#breadcrumb"},"inLanguage":"fr-FR","potentialAction":[{"@type":"ReadAction","target":["https:\/\/harmoniayduende.com\/fr\/artista\/florimond-dal-zotto\/"]}]},{"@type":"ImageObject","inLanguage":"fr-FR","@id":"https:\/\/harmoniayduende.com\/fr\/artista\/florimond-dal-zotto\/#primaryimage","url":"https:\/\/harmoniayduende.com\/wp-content\/uploads\/2024\/11\/Florimond-dal-zotto.jpg","contentUrl":"https:\/\/harmoniayduende.com\/wp-content\/uploads\/2024\/11\/Florimond-dal-zotto.jpg","width":1000,"height":700},{"@type":"BreadcrumbList","@id":"https:\/\/harmoniayduende.com\/fr\/artista\/florimond-dal-zotto\/#breadcrumb","itemListElement":[{"@type":"ListItem","position":1,"name":"Home","item":"https:\/\/harmoniayduende.com\/fr\/"},{"@type":"ListItem","position":2,"name":"Artistas","item":"https:\/\/harmoniayduende.com\/fr\/artista\/"},{"@type":"ListItem","position":3,"name":"Florimond Dal Zotto"}]},{"@type":"WebSite","@id":"https:\/\/harmoniayduende.com\/fr\/#website","url":"https:\/\/harmoniayduende.com\/fr\/","name":"Harmon\u00eda & Duende","description":"Fundaci\u00f3n para promover el arte y la m\u00fasica","potentialAction":[{"@type":"SearchAction","target":{"@type":"EntryPoint","urlTemplate":"https:\/\/harmoniayduende.com\/fr\/?s={search_term_string}"},"query-input":{"@type":"PropertyValueSpecification","valueRequired":true,"valueName":"search_term_string"}}],"inLanguage":"fr-FR"}]}},"_links":{"self":[{"href":"https:\/\/harmoniayduende.com\/fr\/wp-json\/wp\/v2\/project\/100711","targetHints":{"allow":["GET"]}}],"collection":[{"href":"https:\/\/harmoniayduende.com\/fr\/wp-json\/wp\/v2\/project"}],"about":[{"href":"https:\/\/harmoniayduende.com\/fr\/wp-json\/wp\/v2\/types\/project"}],"author":[{"embeddable":true,"href":"https:\/\/harmoniayduende.com\/fr\/wp-json\/wp\/v2\/users\/1"}],"replies":[{"embeddable":true,"href":"https:\/\/harmoniayduende.com\/fr\/wp-json\/wp\/v2\/comments?post=100711"}],"version-history":[{"count":0,"href":"https:\/\/harmoniayduende.com\/fr\/wp-json\/wp\/v2\/project\/100711\/revisions"}],"wp:featuredmedia":[{"embeddable":true,"href":"https:\/\/harmoniayduende.com\/fr\/wp-json\/wp\/v2\/media\/100631"}],"wp:attachment":[{"href":"https:\/\/harmoniayduende.com\/fr\/wp-json\/wp\/v2\/media?parent=100711"}],"wp:term":[{"taxonomy":"project_category","embeddable":true,"href":"https:\/\/harmoniayduende.com\/fr\/wp-json\/wp\/v2\/project_category?post=100711"},{"taxonomy":"project_tag","embeddable":true,"href":"https:\/\/harmoniayduende.com\/fr\/wp-json\/wp\/v2\/project_tag?post=100711"}],"curies":[{"name":"wp","href":"https:\/\/api.w.org\/{rel}","templated":true}]}}

<p>Issu d’une formation de pianiste, Florimond DAL ZOTTO s’est perfectionné en tant que violoncelliste dans les conservatoires parisiens, puis au Conservatoire National Supérieur de Lyon.</p>
<p>Après l’obtention de son prix en 2006, il a été d’abord invité dans de nombreux orchestres français, puis a successivement occupé les postes de second soliste à l’orchestre de l’opéra de Lyon, puis à l’Orchestre National des Pays de la Loire, qu’il a quitté en janvier 2015, pour s&rsquo;ouvrir à des horizons plus vastes.</p>
<p>Ainsi, il est invité sur la scène de musiciens et groupes de talent tels que Fanch, Debout sur le Zinc, Les Ogres de Barback, se diversifie dans des styles de musiques plus variées , notamment un ensemble de jazz au sein du Vincent Touchard Quintet.</p>
<p>Il continue avec la même intensité son activité de musicien classique, invité comme premier soliste dans des formations comme l’Orchestre national de Bordeaux, l&rsquo;Orchestre Lamoureux, l&rsquo;orchestre de Mulhouse, et bien d’autres.</p>
<p>Lors de récitals en violoncelle seul, il interprête des œuvres de virtuosité telles que la Sonate de Zoltan Kodaly, ou encore la Suite de Gaspar Cassado. En décembre 2019, il interprète le concerto de Dvorjak avec l&rsquo;Orchestre de la Bastille. Il crée en septembre 2018 le Duo Pandora avec la violoniste Emilie Ballet. Il rencontre le pianiste Jérôme Rigaudias en 2022, avec qui crée un programme sonate.</p>
<p>Il est également l&rsquo;un des co-fondateurs du festival Violoncelle en Voile, idée originale consistant en des concerts itinérants à la voile, depuis l&rsquo;été 2018.</p>

<p>Issu d’une formation de pianiste, Florimond DAL ZOTTO s’est perfectionné en tant que violoncelliste dans les conservatoires parisiens, puis au Conservatoire National Supérieur de Lyon. Après l’obtention de son prix en 2006, il a été d’abord invité dans de nombreux orchestres français, puis a successivement occupé les postes de second soliste à l’orchestre de l’opéra [&hellip;]</p>

<!-- This site is optimized with the Yoast SEO Premium plugin v24.9 (Yoast SEO v24.9) - https://yoast.com/wordpress/plugins/seo/ -->
<title>Florimond Dal Zotto | Harmonía y Duende</title>
<meta name="robots" content="index, follow, max-snippet:-1, max-image-preview:large, max-video-preview:-1" />
<link rel="canonical" href="https://harmoniayduende.com/fr/artista/florimond-dal-zotto/" />
<meta property="og:locale" content="fr_FR" />
<meta property="og:type" content="article" />
<meta property="og:title" content="Florimond Dal Zotto" />
<meta property="og:description" content="Issu d’une formation de pianiste, Florimond DAL ZOTTO s’est perfectionné en tant que violoncelliste dans les conservatoires parisiens, puis au Conservatoire National Supérieur de Lyon. Après l’obtention de son prix en 2006, il a été d’abord invité dans de nombreux orchestres français, puis a successivement occupé les postes de second soliste à l’orchestre de l’opéra [&hellip;]" />
<meta property="og:site_name" content="Harmonía y Duende" />
<meta name="twitter:card" content="summary_large_image" />
<meta name="twitter:label1" content="Durée de lecture estimée" />
	<meta name="twitter:data1" content="1 minute" />
<script type="application/ld+json" class="yoast-schema-graph">{"@context":"https://schema.org","@graph":[{"@type":"WebPage","@id":"https://harmoniayduende.com/fr/artista/florimond-dal-zotto/","url":"https://harmoniayduende.com/fr/artista/florimond-dal-zotto/","name":"Florimond Dal Zotto | Harmonía y Duende","isPartOf":{"@id":"https://harmoniayduende.com/fr/#website"},"primaryImageOfPage":{"@id":"https://harmoniayduende.com/fr/artista/florimond-dal-zotto/#primaryimage"},"image":{"@id":"https://harmoniayduende.com/fr/artista/florimond-dal-zotto/#primaryimage"},"thumbnailUrl":"https://harmoniayduende.com/wp-content/uploads/2024/11/Florimond-dal-zotto.jpg","datePublished":"2024-11-13T16:32:01+00:00","breadcrumb":{"@id":"https://harmoniayduende.com/fr/artista/florimond-dal-zotto/#breadcrumb"},"inLanguage":"fr-FR","potentialAction":[{"@type":"ReadAction","target":["https://harmoniayduende.com/fr/artista/florimond-dal-zotto/"]}]},{"@type":"ImageObject","inLanguage":"fr-FR","@id":"https://harmoniayduende.com/fr/artista/florimond-dal-zotto/#primaryimage","url":"https://harmoniayduende.com/wp-content/uploads/2024/11/Florimond-dal-zotto.jpg","contentUrl":"https://harmoniayduende.com/wp-content/uploads/2024/11/Florimond-dal-zotto.jpg","width":1000,"height":700},{"@type":"BreadcrumbList","@id":"https://harmoniayduende.com/fr/artista/florimond-dal-zotto/#breadcrumb","itemListElement":[{"@type":"ListItem","position":1,"name":"Home","item":"https://harmoniayduende.com/fr/"},{"@type":"ListItem","position":2,"name":"Artistas","item":"https://harmoniayduende.com/fr/artista/"},{"@type":"ListItem","position":3,"name":"Florimond Dal Zotto"}]},{"@type":"WebSite","@id":"https://harmoniayduende.com/fr/#website","url":"https://harmoniayduende.com/fr/","name":"Harmonía & Duende","description":"Fundación para promover el arte y la música","potentialAction":[{"@type":"SearchAction","target":{"@type":"EntryPoint","urlTemplate":"https://harmoniayduende.com/fr/?s={search_term_string}"},"query-input":{"@type":"PropertyValueSpecification","valueRequired":true,"valueName":"search_term_string"}}],"inLanguage":"fr-FR"}]}</script>
<!-- / Yoast SEO Premium plugin. -->

Florimond Dal Zotto | Harmonía y Duende

Issu d’une formation de pianiste, Florimond DAL ZOTTO s’est perfectionné en tant que violoncelliste dans les conservatoires parisiens, puis au Conservatoire National Supérieur de Lyon. Après l’obtention de son prix en 2006, il a été d’abord invité dans de nombreux orchestres français, puis a successivement occupé les postes de second soliste à l’orchestre de l’opéra [&hellip;]

Harmonía y Duende

Harmonía & Duende

Fundación para promover el arte y la música
